et k(m) = a*l(m) + 5*i(m). Determine k(-7).
4
Let h(l) = -l**3 + 25*l**2 - 14. Let i(o) = -o**3 + 23*o**2 - o - 14. Let t(z) = -6*h(z) + 7*i(z). What is t(10)?
16
Let j(x) = -11*x - 12. Let f be j(-3). Let a(h) = -h**2 + f - 6 + 2*h - 14. Let z(p) = -p**3 - 5*p**2 + p + 7. Let q be z(-5). Give a(q).
1
Let s(c) = -c**3 - c**2 + c - 2. Suppose 3 = -4*p - 5*y, -5*p + 3*y = -p - 21. Let m be (-3 + p + 0)*-1. Give s(m).
-2
Suppose 0 = -44*y + 47*y + 2*g + 7, -5*g - 5 = 5*y. Let z(n) = -n**2 - 4*n + 13. Give z(y).
8
Let b = -2 - -4. Let h = -1 - b. Let v(o) be the first derivative of -o**4/4 - o**3 - 4*o - 5. Calculate v(h).
-4
Let s(h) = 2*h**2 + 2. Suppose -5*w = -3*f + 207, -2*f + 65 + 73 = 3*w. Let k = f + -71. What is s(k)?
10
Let a be 5*((-8)/(-5))/2. Let v be (-5 + 255/(-10))/(1/(-6)). Let g(i) = -82*i - 2*i**2 - 95*i + v*i. What is g(a)?
-8
Let n(m) = -m + 2*m + 7*m. Suppose -2*z + 3*z = 2. Suppose 2*t = -3*x + 7, 7 + 2 = x + z*t. Determine n(x).
-8
Let s(m) be the first derivative of m**5/40 - m**4/12 - m**3 - 2. Let d(j) be the third derivative of s(j). Let l = 379 - 381. Calculate d(l).
-8
Let w(z) = 41*z**3 + 3*z**2 - 3. Let j(k) = -k**2 - 1 + 7*k**3 + 2*k**2 + 7*k**3 + 0*k**2. Let u(m) = 17*j(m) - 6*w(m). What is u(1)?
-8
Let t(s) = -s**2 - 7*s - 4. Suppose 3*z + 4*g = -23, -9*z + 4*g = -5*z + 12. What is t(z)?
6
Let s(h) = 1. Let j(i) be the second derivative of 0 - 1/3*i**3 - 5/2*i**2 + 3*i. Let v(f) = j(f) + 4*s(f). What is v(-4)?
7
Let t be (-6 - 6)*(-2)/4. Let b(y) be the third derivative of -1/2*y**3 + 0 - 1/4*y**4 + 4*y**2 + 1/12*y**5 + 1/120*y**t + 0*y. What is b(-6)?
-3
Suppose -3*u = -5*a + 17, 4 = 3*a - a - 4*u. Suppose 0 = -a*y + 5*y - 2. Let j(p) = 10*p**2 - y + 5 - 9*p**2 + 5*p. Give j(-6).
9
Let l(n) = -4*n - 231 - 6*n**2 + 229 + 6*n**3 - 7*n**3. Suppose -3*i + 9 = 0, -2*d = 3*d - 2*i + 31. What is l(d)?
-7
Let u(a) be the first derivative of -a**4/4 - 13*a**3/3 - 6*a**2 - 2*a - 154. Give u(-12).
-2
Suppose -3*b + 4*m + 10 = 0, 0*b = b - m - 3. Let w(d) = -2 + 0 + 2*d + d**b - 2. Suppose 0 = -5*x + 3*h - 1 - 2, -x + h + 1 = 0. What is w(x)?
-1
Let j(a) = 2*a - 1. Let c(d) = 4*d**2 - 13*d + 7. Let x(i) = c(i) + 5*j(i). Calculate x(2).
12
Let w(s) = -4*s**2 + 2242 - 2240 - s**2 - s**3. Give w(-4).
-14
Let f(o) = -1688*o**2 + 2 + 1689*o**2 + 8*o + 2. Calculate f(-7).
-3
Let k(y) = 3*y - 3. Let g(h) = -13*h + 10. Let j(r) = 2*g(r) + 9*k(r). What is j(4)?
-3
Let k(g) = g**2 + 20*g + 89. Let h be k(-14). Let n(b) = -b**3 + 5*b**2 - b - 6. What is n(h)?
-11
Let x = 2 + 1. Let v be (24/(-20))/(6/(-15)). Let q(d) = 4*d**3 - 3*d**2 - 3. Let k(c) = -7*c**3 + 6*c**2 - c + 6. Let t(r) = v*k(r) + 5*q(r). Calculate t(x).
-6
Let z(l) be the third derivative of 0*l - 31*l**2 - 1/6*l**4 + 0 - 1/60*l**5 + 5/6*l**3. Determine z(-4).
5
Let v(d) = -5 + 7 - 48*d + 47*d. What is v(1)?
1
Let m(r) = -5*r**2 + r + 1. Let i be (6/(-9))/(8/(-24)). Suppose g = -i*g - 5*z - 8, 0 = -3*g + 3*z. Give m(g).
-5
Let r(v) = v**2 + 4*v. Let s(i) be the second derivative of -i**7/168 + i**4/24 - i**3 - i. Let k(f) be the second derivative of s(f). Let b be k(1). Give r(b).
0
Let j(o) = 12*o + 14. Let c(p) = 18*p + 21. Let m(r) = 5*c(r) - 7*j(r). Give m(6).
43
Let i(u) = -u**2 + 5*u - 1. Let y be 2/((-1)/(-6 + -4)). Suppose 5*x = y + 5. What is i(x)?
-1
Let b(m) = 7*m - m - 79 - 3*m - 2*m + 91. What is b(-8)?
4
Let k(l) = -l - 8. Suppose 2*z + 38 = 26. Let n be 30/z*((-48)/(-10))/4. What is k(n)?
-2
Let c = -1 + 1. Let m = c - -3. Let x(a) = 2*a**2 + a + 8. Let w(o) = o**2 + o + 4. Let t(b) = -11*w(b) + 6*x(b). What is t(m)?
-2
Let w(h) = 33 - 99*h**2 - 3 + 100*h**2 + 13*h. Let g be w(-3). Let n(i) = -i. Let l(r) = -r**2 - r + 13. Let p(q) = -l(q) + 2*n(q). Calculate p(g).
-13
Let b be ((-2)/15*-6)/((-4)/(-10)). Let i(d) = 10*d - 3. Give i(b).
17
Let z(v) = -3*v - 19. Let j = -905 - -896. Determine z(j).
8
Let a(b) = 17 + 8*b - 3 - 15. Determine a(-4).
-33
Let p(g) = 50*g**3 + 5*g**2 - 19*g + 11. Let x(u) = -23*u**3 - 3*u**2 + 9*u - 5. Let m(s) = 6*p(s) + 13*x(s). Calculate m(8).
-39
Let w(o) be the third derivative of -o**4/12 - o**3/3 - o**2. Suppose -3*j = -0*j - 12. Suppose 0 = j*m - 0 - 8. Determine w(m).
-6
Let n(w) = 118*w + 703. Let p be n(-6). Let i(m) = 5*m**2 - 5*m + 2. Let c(s) = -s**2 - 1. Let d(f) = -6*c(f) - i(f). What is d(p)?
4
Let a(r) = 9*r**3 + 12*r**2 + 15*r - 25. Let w(n) = 5*n**3 + 6*n**2 + 8*n - 13. Let c be (8*(-6)/(-8))/(2/(-2)). Let h(j) = c*a(j) + 11*w(j). Calculate h(6).
-5
Let b be (6/(-7))/((2 + -6)/(-28)). Let x(o) = -6*o**2 - 2 + o - o**3 + 9 + 0*o**3. Determine x(b).
1
Suppose -12*s - 3 = 9. Let p(c) = -7*c + 2. Calculate p(s).
9
Suppose 0 = 3*z - 87 + 6. Let a = z + -26. Let w(h) = 17*h**2 - 4 - 15*h**2 - a + 1 + 3*h. Determine w(-3).
5
Let a(x) = x + 5. Let v(h) be the third derivative of 0*h**3 - 7*h**2 + 0*h + 0*h**4 + 0 + 1/120*h**6 - 1/30*h**5. Let b be v(2). Give a(b).
5
Let h(u) = u + 5. Let y be h(-6). Let r = y - -4. Let i(l) = 5*l + r*l - 7*l. Give i(0).
0
Suppose 3*q + 2*o + 15 = 4*q, 3*o = 4*q - 35. Suppose -y + q = a + 2, 3*y = 4*a - 19. Let g = a - 9. Let k(z) = z - 1. Calculate k(g).
-6
Suppose 3*y = -0*y + 9. Let u(c) be the first derivative of c**2 + 2*c - 174. Give u(y).
8
Let c = -407 - 52. Let q be (2/(-3))/((-34)/c). Let a(p) = -p**3 - 10*p**2 - 10*p - 12. What is a(q)?
-3
Let b(v) = v**3 + 7*v**2 - 5. Let t be (-84)/35*(-25)/(-10). Calculate b(t).
31
Let y(v) = -v + 9. Suppose -19*j = 7*j - 234. Give y(j).
0
Suppose -j = -5*j + 4. Suppose -15 = -6*u + u - 5*h, 3*u = 3*h + 15. Let y(q) = -j - 3*q + 0*q + u*q. Calculate y(1).
0
Suppose 0 = 46*p - 67*p + 399. Let k(y) = -2*y**2 + 39*y - 21. What is k(p)?
-2
Let m(s) = -2*s - 17 - 5 + 8 + 4*s. Give m(10).
6
Suppose 3 = -4*d + 5*n, -d - 3*n + 6 = -2*d. Let h(s) = -12 + 7 - 2*s**2 + d*s**2. Determine h(0).
-5
Let x(v) = 3*v**2 + v - 1. Suppose -6*y + 4*y + 2 = -l, 0 = y - 3. Suppose -5*o + l*t + 14 = 0, 2*t - 6 = 4*o - 16. Give x(o).
13
Let q(r) = 13*r - 22*r + 13*r + 3 + r**3 + 4*r - 8*r**2. Give q(7).
10
Let f(d) = -29*d + 8. Let x(a) = 7*a - 2. Let l(j) = 2*f(j) + 9*x(j). What is l(-1)?
-7
Let y be 2808/(-14) + -2 + (-12)/28. Let x = y + 206. Let b(j) = -10*j + 8. Let k(u) = -11*u + 9. Let d(l) = -5*b(l) + 4*k(l). Give d(x).
14
Let t be -5*((-19)/(-5) - 1). Let s(x) = -3*x - 2. Let u(o) = 1149 + 1150 - 2305 - 8*o. Let r(z) = t*s(z) + 5*u(z). What is r(2)?
2
Let l(u) = -u - 4. Let d(p) = -7*p**2 - p. Let v be d(1). Let q be l(v). Let j(r) be the first derivative of -r**2/2 + 9*r - 313. Give j(q).
5
Let w(s) = s**2 + 2*s - 4. Let c = 207 + -211. Give w(c).
4
Let t(i) = -5*i**2 - 16*i - 17. Let o(y) = 3*y**2 + 11*y + 11. Let c(k) = -8*o(k) - 5*t(k). What is c(9)?
6
Let f(k) be the third derivative of -k**5/30 - k**4/6 + k**3/6 + 12*k**2 - 2*k. Give f(-4).
-15
Let h(x) = 2*x**2 + 3*x - 2. Let p = 652 - 649. Calculate h(p).
25
Let n(l) = l**3 - 3*l**2 - l - 1. Let x(w) = 4*w - w**2 - 57 + 27*w**2 - 25*w**2. Let y be x(-10). Calculate n(y).
-4
Let f(b) = -5*b**2 + 10*b + 17. Let a(y) = 2*y**2 + y. Let j(d) = 2*a(d) + f(d). Calculate j(13).
4
Let k(j) be the third derivative of 4*j**2 - 1/12*j**4 + 1/6*j**3 - 1/120*j**6 + 0*j - 1/15*j**5 + 0. What is k(-2)?
-3
Suppose 5*r + 3 = q + 8, 8 = 4*r. Let u(b) = 6*b - 70*b**3 - q*b - 2*b**2 + 79*b**3. What is u(1)?
8
Let t(x) be the second derivative of x**3/6 - 3*x**2/2 + 6152*x. Let m = 1 + 2. Give t(m).
0
Let g(z) be the third derivative of 0 + 27*z**2 - 1/24*z**4 + 7/60*z**5 + 0*z + 1/3*z**3. Calculate g(2).
28
Let r be (-12)/2 + (-365)/(-60). Let c(u) be the second derivative of 5/2*u**2 + 0 - 5*u - r*u**4 - 5/6*u**3. Calculate c(-6).
-1
Let h(u) = 11*u. Suppose -2*l = 0, 4*l + 0*l + 3 = -3*c. Let z be (c + 2)*(2 + -1). Give h(z).
11
Let f(m) = 0*m - 3*m**2 + 4*m**2 + 3 + m - 7*m. Suppose 0 = -0*z + z - 5. Suppose z*x = 25, -20 = h - 6*h - 2*x. Determine f(h).
-5
Let t(r) be the second derivative of -r**4/12 - 2*r**3/3 - 55*r. Give t(-6).
-12
Let l(m) = -3*m - 5 + 1 + 1 + 2 + 3. Determine l(4).
-10
Let g(r) = -7*r + r**2 + 2 + 2*r - r**2 + r**2. Let f be (1 + 3 + -2)*-4. Let w be f/3*(-12)/8. Calculate g(w).
-2
Let w(c) be the third derivative of c**5/10 + 10*c**2. Let p(m) = m**2 + 6*m + 1. Let q = 28 + -34. Let 